{"id":472,"date":"2017-06-19T11:36:11","date_gmt":"2020-07-01T07:44:29","guid":{"rendered":"https:\/\/www.eco-sprayer.com\/pulverisateurs\/produit\/dispositivo-de-desinfeccion-de-superficie-pequena-800-ml-h-no\/"},"modified":"2026-04-02T14:27:05","modified_gmt":"2026-04-02T12:27:05","slug":"nebulizador-orientable-800-mlh","status":"publish","type":"product","link":"https:\/\/www.eco-sprayer.com\/pulverisateurs\/produit\/nebulizador-orientable-800-mlh\/?lang=es","title":{"rendered":"Dispositivo de desinfecci\u00f3n de superficie peque\u00f1a 800 ml\/h NO"},"content":{"rendered":"<p>Aqu\u00ed hay n\u00e9buliseur de table de petite taille autonome, orientable et programmablecode&gt; uno, existe en 400, 800,1200 ml par heurecode&gt; el flujo. Especialmente dise\u00f1ado para la desinfecci\u00f3n de peque\u00f1os vol\u00famenes (-10 m3) tipos de puestos de seguridad microbiol\u00f3gica (PSM), ambulancias, SAS, campanas (hotte con flujo laminar vertical u horizontal), aislantes, techos soplando, armarios para mascotas, Sorbonas, peque\u00f1as salas de laboratorios, salas limpias. La tecnolog\u00eda de disco giratorio permite una desinfecci\u00f3n eficaz en el aire sin fluir agua en las paredes o nebgar, debido a su bajo caudal y la calidad de su nebura.<\/p>\n<p>El nebulizador es un dispositivo que se ejecuta en el suelo o la bater\u00eda su ventilador sopla las gotas del aerosol hacia el borde del disco. Para alimentar este disco, el nebulizador contiene una lata de 0,5 litros que contiene l\u00edquido que una bomba perist\u00e1ltica apesta. Este l\u00edquido integra el dispositivo con una manguera de silicona.<br \/>\nDependiendo de la programaci\u00f3n elegida, el nebulizador pulveriza peque\u00f1os vol\u00famenes en la direcci\u00f3n deseada en streaming o alternando emisiones y roturas, la programaci\u00f3n del nebulizador se hace a partir de los botones colocados cerca de la pantalla de visualizaci\u00f3n. Cada bot\u00f3n corresponde a una funci\u00f3n.<\/p>\n<p>Para programar la difusi\u00f3n hay que activar estos pulsadores. La cantidad de l\u00edquido a nebulizar, dividida por la velocidad del flujo del dispositivo, permite conocer el tiempo de difusi\u00f3n real. Por ejemplo, para 200 ml de l\u00edquido y un caudal de 400 ml\/h, el tiempo total de pulverizaci\u00f3n continua ser\u00e1 de 30 minutos (media hora).<\/p>\n<p><strong>Usando los botones de programaci\u00f3n, puede obtener diferentes ritmos de pulverizaci\u00f3n.<\/strong> <strong><br \/>\n  <u>Ciclo:<\/u><br \/>\n<\/strong> C es programable de 1 a 99, regula el n\u00famero de ciclos de emisi\u00f3n. Valor 1 programas de pulverizaci\u00f3n continua<br \/>\n<strong><br \/>\n  <u>Duraci\u00f3n: La<\/u><br \/>\n<\/strong> funci\u00f3n D es programable de 0 a 99 minutos y 59 segundos, determina el tiempo de cada ciclo de pulverizaci\u00f3n real. La funci\u00f3n de ajuste en 1 segundo. Para nebulizar los 200 ml anteriores en 10 ciclos, por ejemplo, la duraci\u00f3n D es de 3 minutos (el flujo es de 400 ml\/h).<br \/>\n<strong><br \/>\n  <u>Retardo:<\/u><br \/>\n<\/strong> La funci\u00f3n R es ajustable de 0 a 9 horas y 59 minutos, define tanto la duraci\u00f3n de la nebulizaci\u00f3n (inicio y fin) como el tiempo de pausa entre dos ciclos. El ajuste se realiza en un 1 minuto. Para transmitir los 200 ml del ejemplo, con un tiempo de pausa de 5 minutos entre la emisi\u00f3n real de 3 minutos por ciclo, el dispositivo iniciar\u00e1 la nebulizaci\u00f3n despu\u00e9s de 5 minutos para una emisi\u00f3n de 3 minutos. El ciclo se detendr\u00e1 durante 5 minutos, luego se reanudar\u00e1 y as\u00ed sucesivamente hasta que el l\u00edquido se agote despu\u00e9s de 80 minutos en total.<\/p>\n<p><strong>Otras funciones del nebulizador<\/strong><\/p>\n<p>Gracias a la presencia de un LED en el nebulizador, su correcto funcionamiento se puede visualizar desde lejos. Como precauci\u00f3n, se coloca un sensor de presencia l\u00edquida (CPL) antes del disco del nebulizador. En ausencia de l\u00edquido, esta CPL detiene autom\u00e1ticamente la rotaci\u00f3n del disco.<br \/>\nUna vez completado el pulverizador, el sistema hidr\u00e1ulico se drena autom\u00e1ticamente, el nebulizador devuelve el l\u00edquido sin pulverizar de nuevo a la lata.<br \/>\n<strong><br \/>\n  <u>L\u00edquidos compatibles:<\/u><br \/>\n<\/strong> Este modelo de nebulizador debe utilizarse con l\u00edquidos no inflamables porque el dispositivo no est\u00e1 certificado ATEX. Lo es compatible avec tous les liquides, visqueux ou non,code&gt; y su compatibilidad se extiende a los siguientes materiales: graisse alimentaire, silicone, acier inox 304L, novoprene, PTFE charg\u00e9 de graphite et carbone (joint)code&gt; . Algunos l\u00edquidos pueden causar dep\u00f3sitos que pueden da\u00f1ar el sistema hidr\u00e1ulico. Para evitar esto se programar\u00e1 una sesi\u00f3n de pulverizaci\u00f3n de l\u00edquido de limpieza, la limpieza se realizar\u00e1 durante la difusi\u00f3n.<\/p>\n","protected":false},"excerpt":{"rendered":"<p>Aqu\u00ed hay n\u00e9buliseur de table autonome, orientable et programmablecode&gt; uno, que puede 400, 800,1200 ml par heurecode&gt; cobrar. Este nebulizador es un dispositivo dise\u00f1ado espec\u00edficamente para superficies peque\u00f1as, vol\u00famenes peque\u00f1os, tipo, laboratorios de puestos de seguridad microbiol\u00f3gica (PSM), campanas, aislantes, ambulancias, salas limpias, gabinete de mascotas, armarios..<\/p>\n","protected":false},"featured_media":573,"comment_status":"open","ping_status":"closed","template":"","meta":[],"product_cat":[126],"product_tag":[],"class_list":{"0":"post-472","1":"product","2":"type-product","3":"status-publish","4":"has-post-thumbnail","6":"product_cat-dispositivo-de-desinfeccion-aire-aire","8":"first","9":"instock","10":"taxable","11":"shipping-taxable","12":"product-type-simple"},"_links":{"self":[{"href":"https:\/\/www.eco-sprayer.com\/pulverisateurs\/wp-json\/wp\/v2\/product\/472","targetHints":{"allow":["GET"]}}],"collection":[{"href":"https:\/\/www.eco-sprayer.com\/pulverisateurs\/wp-json\/wp\/v2\/product"}],"about":[{"href":"https:\/\/www.eco-sprayer.com\/pulverisateurs\/wp-json\/wp\/v2\/types\/product"}],"replies":[{"embeddable":true,"href":"https:\/\/www.eco-sprayer.com\/pulverisateurs\/wp-json\/wp\/v2\/comments?post=472"}],"version-history":[{"count":0,"href":"https:\/\/www.eco-sprayer.com\/pulverisateurs\/wp-json\/wp\/v2\/product\/472\/revisions"}],"wp:featuredmedia":[{"embeddable":true,"href":"https:\/\/www.eco-sprayer.com\/pulverisateurs\/wp-json\/wp\/v2\/media\/573"}],"wp:attachment":[{"href":"https:\/\/www.eco-sprayer.com\/pulverisateurs\/wp-json\/wp\/v2\/media?parent=472"}],"wp:term":[{"taxonomy":"product_cat","embeddable":true,"href":"https:\/\/www.eco-sprayer.com\/pulverisateurs\/wp-json\/wp\/v2\/product_cat?post=472"},{"taxonomy":"product_tag","embeddable":true,"href":"https:\/\/www.eco-sprayer.com\/pulverisateurs\/wp-json\/wp\/v2\/product_tag?post=472"}],"curies":[{"name":"wp","href":"https:\/\/api.w.org\/{rel}","templated":true}]}}