{"id":423,"date":"2019-12-21T18:56:13","date_gmt":"2020-07-01T07:39:56","guid":{"rendered":"https:\/\/www.eco-sprayer.com\/pulverisateurs\/produit\/peroxido-de-hidrogeno-producto-de-desinfeccion-en-el-aire\/"},"modified":"2020-07-01T09:40:31","modified_gmt":"2020-07-01T07:40:31","slug":"peroxido-dhidrogene","status":"publish","type":"product","link":"https:\/\/www.eco-sprayer.com\/pulverisateurs\/produit\/peroxido-dhidrogene\/?lang=es","title":{"rendered":"Per\u00f3xido de hidr\u00f3geno, producto de desinfecci\u00f3n en el aire."},"content":{"rendered":"<h1>Per\u00f3xido de hidr\u00f3geno: su composici\u00f3n, uso y propiedades<\/h1>\n<p>A partir de la f\u00f3rmula H2O2, el per\u00f3xido de hidr\u00f3geno se define como un regulador importante de todas las contingencias celulares. Teniendo la forma transparente del agua, pero de una versi\u00f3n bastante gooey, la sustancia es el activador del transporte de glucosa a trav\u00e9s de los m\u00fasculos esquel\u00e9ticos. Este componente qu\u00edmico se utiliza cada vez m\u00e1s en varios campos, incluyendo la desinfecci\u00f3n<strong> (virus, coronavirus, covid-19, bactericida, fungicida..)<\/strong>.<br \/>\n<img decoding=\"async\" class=\"\" src=\"https:\/\/www.eco-sprayer.com\/assets\/images\/covid-19.jpg\" alt=\"Coronavirus-producto\" width=\"168px\" height=\"112px\"><\/p>\n<p style=\"text-align: center;\"><em><strong><u><a href=\"https:\/\/www.eco-sprayer.com\/#form1-6\"><span style=\"color: #ff0000;\">Para m\u00e1s informaci\u00f3n puede ponerse en contacto con nosotros<\/span><\/a><\/u><\/strong><\/em><\/p>\n<p><strong>Producto:<\/strong> H2O2 7.5 -DSVA<\/p>\n<p>DLU 24 Meses &#8211; 20L Latas<br \/>\namplio espectro<br \/>\nEl desinfectante se libera como una niebla no humectante de per\u00f3xido de hidr\u00f3geno saturado en 7.4.<br \/>\nDLU 24 meses<br \/>\nBiodegradable y no corrosivo<\/p>\n<p><strong>materia<\/strong><br \/>\nper\u00f3xido de hidr\u00f3geno (n CAS 7722 84 1 a 7 4 75 g\/Litro) Autorizaci\u00f3n para la limpieza<br \/>\nsuperficies y objetos en contacto con los alimentos seg\u00fan el decreto de 19 12 13 por el que se modifica el decreto de 08 09 99<br \/>\nDe conformidad con las especificaciones de 5 de enero de 2010 modificadas y complementando las disposiciones del Reglamento ce no 834 2007<br \/>\ny n 889 2008 para la limpieza y desinfecci\u00f3n en la industria alimentaria org\u00e1nica y el sitio de transformaci\u00f3n cf<br \/>\nwww inao govt en<\/p>\n<h2>La composici\u00f3n del per\u00f3xido de hidr\u00f3geno<\/h2>\n<p>Como su f\u00f3rmula qu\u00edmica puede demostrar, el per\u00f3xido de hidr\u00f3geno se compone de agua (H2O) asociada con una mol\u00e9cula de ox\u00edgeno adicional. H202 es conocido como un potente oxidante y en su forma cruda tiene un car\u00e1cter inestable.<\/p>\n<h2>Sus capacidades<\/h2>\n<p>Como producto inestable, el per\u00f3xido de hidr\u00f3geno se descompone f\u00e1cilmente en agua y una sola mol\u00e9cula de ox\u00edgeno. Es importante tener en cuenta que el ox\u00edgeno s\u00f3lo es estable cuando las mol\u00e9culas son pares (O2). Cuando la mol\u00e9cula de ox\u00edgeno est\u00e1 sola, se convierte en un potente oxidante y agente<strong> desinfectante.<\/strong> Adem\u00e1s, el per\u00f3xido de hidr\u00f3geno es una sustancia simple, pero es altamente eficaz. El sistema inmunitario de los seres humanos produce y utiliza per\u00f3xido de hidr\u00f3geno para controlar bacterias y virus (eficaz para el covid&#8211;19).<\/p>\n<h2>Diferentes casos de uso<\/h2>\n<p>El uso de per\u00f3xido de hidr\u00f3geno es numeroso. Ya sea como tratamiento t\u00f3pico, para un buen producto dom\u00e9stico o simplemente para eliminar diferentes virus y bacterias, H2O2 es el producto a promover.<\/p>\n<p>Excelente lej\u00eda, moho y suciedad en todo tipo de superficies no resisten. Las manchas y varios rastros tambi\u00e9n desaparecer\u00e1n en el mero paso del producto.<\/p>\n<p>El producto tambi\u00e9n sirve como un <strong>desinfectante<\/strong> perfecto en el aire porque tiene el poder de matar <strong>bacterias y virus importantes.<\/strong> <strong>Los hospitales<\/strong> y <strong>lugares p\u00fablicos<\/strong> utilizan este compuesto en la limpieza de ba\u00f1os, salas de espera, laboratorios, etc. para erradicar todas las formas de <strong>g\u00e9rmenes y g\u00e9rmenes.<\/strong> El producto cambia la conformaci\u00f3n de prote\u00ednas que son las principales fuentes de propagaci\u00f3n de bacterias. En cuanto a los virus, la desnaturalizaci\u00f3n de las prote\u00ednas realizadas por el per\u00f3xido <strong>mata la gen\u00e9tica del germen.<\/strong><\/p>\n<p><a href=\"https:\/\/www.eco-sprayer.com\/pulverisateurs\/wp-content\/uploads\/2019\/12\/IODVA-Eco-sprayer-produit-1.pdf\">IODVA-Eco-sprayer-producto-1<\/a><\/p>\n","protected":false},"excerpt":{"rendered":"<p>Se vende en latas de 20L o 25 euros HT por litro.<\/p>\n","protected":false},"featured_media":424,"comment_status":"open","ping_status":"closed","template":"","meta":[],"product_cat":[126,129],"product_tag":[],"class_list":{"0":"post-423","1":"product","2":"type-product","3":"status-publish","4":"has-post-thumbnail","6":"product_cat-dispositivo-de-desinfeccion-aire-aire","7":"product_cat-producto-de-aerian-desinfection","8":"product_shipping_class-frais-de-livraison","10":"first","11":"instock","12":"taxable","13":"shipping-taxable","14":"product-type-simple"},"_links":{"self":[{"href":"https:\/\/www.eco-sprayer.com\/pulverisateurs\/wp-json\/wp\/v2\/product\/423","targetHints":{"allow":["GET"]}}],"collection":[{"href":"https:\/\/www.eco-sprayer.com\/pulverisateurs\/wp-json\/wp\/v2\/product"}],"about":[{"href":"https:\/\/www.eco-sprayer.com\/pulverisateurs\/wp-json\/wp\/v2\/types\/product"}],"replies":[{"embeddable":true,"href":"https:\/\/www.eco-sprayer.com\/pulverisateurs\/wp-json\/wp\/v2\/comments?post=423"}],"version-history":[{"count":0,"href":"https:\/\/www.eco-sprayer.com\/pulverisateurs\/wp-json\/wp\/v2\/product\/423\/revisions"}],"wp:featuredmedia":[{"embeddable":true,"href":"https:\/\/www.eco-sprayer.com\/pulverisateurs\/wp-json\/wp\/v2\/media\/424"}],"wp:attachment":[{"href":"https:\/\/www.eco-sprayer.com\/pulverisateurs\/wp-json\/wp\/v2\/media?parent=423"}],"wp:term":[{"taxonomy":"product_cat","embeddable":true,"href":"https:\/\/www.eco-sprayer.com\/pulverisateurs\/wp-json\/wp\/v2\/product_cat?post=423"},{"taxonomy":"product_tag","embeddable":true,"href":"https:\/\/www.eco-sprayer.com\/pulverisateurs\/wp-json\/wp\/v2\/product_tag?post=423"}],"curies":[{"name":"wp","href":"https:\/\/api.w.org\/{rel}","templated":true}]}}