{"id":148,"date":"2019-12-21T18:56:13","date_gmt":"2019-12-21T17:56:13","guid":{"rendered":"https:\/\/www.eco-sprayer.com\/pulverisateurs\/?post_type=product&#038;p=148"},"modified":"2026-04-26T06:08:07","modified_gmt":"2026-04-26T04:08:07","slug":"peroxyde-dhydrogene","status":"publish","type":"product","link":"https:\/\/www.eco-sprayer.com\/pulverisateurs\/produit\/peroxyde-dhydrogene\/","title":{"rendered":"Peroxyde d\u2019hydrog\u00e8ne, H2O2 produit d\u00e9sinfection -8% eau oxyg\u00e9n\u00e9e"},"content":{"rendered":"<h1>Peroxyde d\u2019hydrog\u00e8ne : sa composition, son utilisation et ses propri\u00e9t\u00e9s<\/h1>\n<p>De formule H2O2, le peroxyde d\u2019hydrog\u00e8ne est d\u00e9fini comme \u00e9tant un important r\u00e9gulateur de toutes les \u00e9ventualit\u00e9s cellulaires. Ayant la forme transparente de l\u2019eau, mais d\u2019une version assez gluante, la substance est l\u2019activateur du transport du glucose \u00e0 travers les muscles squelettiques. Ce composant chimique est aujourd\u2019hui de plus en plus utilis\u00e9 dans diff\u00e9rents domaines, notamment la d\u00e9sinfection<strong> des surfaces (virus, coronavirus, covid-19, bact\u00e9ricide, fongicide..)<\/strong>.<br \/>\n<img decoding=\"async\" class=\"\" src=\"https:\/\/www.eco-sprayer.com\/assets\/images\/covid-19.jpg\" alt=\"Coronavirus-produit\" width=\"168px\" height=\"112px\" \/><\/p>\n<p style=\"text-align: center;\"><em><strong><u><a href=\"https:\/\/www.eco-sprayer.com\/#form1-6\"><span style=\"color: #ff0000;\">Pour tous renseignement\u00a0 vous pouvez\u00a0 nous contacter<\/span><\/a><\/u><\/strong><\/em><\/p>\n<p><strong>Produit :\u00a0 <\/strong>H2O2\u00a0 7,5% -DSVA<\/p>\n<p>DLU 24 Mois &#8211; Bidons de 20L<br \/>\nspectre large<br \/>\nLe d\u00e9sinfectant est lib\u00e9r\u00e9 sous forme de brouillard non mouillant de Peroxyde d&#8217;hydrog\u00e8ne satur\u00e9 \u00e0 7,4%.<br \/>\nDLU 24mois<br \/>\nBiod\u00e9gradable et non corrosif<\/p>\n<p><strong>Mati\u00e8re<\/strong><br \/>\nactive Peroxyde d\u2019hydrog\u00e8ne (n CAS 7722 84 1 \u00e0 7 4 75 g\/Litre) Autorisation pour le nettoyage des<br \/>\nsurfaces et objets en contact avec des denr\u00e9es alimentaires selon l\u2019arr\u00eat\u00e9 du 19 12 13 modifiant l\u2019arr\u00eat\u00e9 du 08 09 99<br \/>\nConforme au cahier des charges du 5 janvier 2010 modifi\u00e9 et compl\u00e9tant les dispositions des r\u00e8glements CE n 834 2007<br \/>\net n 889 2008 pour le nettoyage et la d\u00e9sinfection en industrie agroalimentaire et transformation biologiques cf site<br \/>\nwww inao gouv fr<\/p>\n<h2>La composition du peroxyde d\u2019hydrog\u00e8ne<\/h2>\n<p>Comme sa formule chimique peut le d\u00e9montrer, le peroxyde d\u2019hydrog\u00e8ne est compos\u00e9 d\u2019eau (H2O) associ\u00e9e \u00e0 une mol\u00e9cule d\u2019oxyg\u00e8ne suppl\u00e9mentaire. Le H202 est connu comme \u00e9tant un oxydant puissant et dans sa forme brute a un caract\u00e8re instable.<\/p>\n<h2>Ses capacit\u00e9s de d\u00e9contamination des surfaces par voie a\u00e9rienne<\/h2>\n<p>En tant que produit instable, le peroxyde d\u2019hydrog\u00e8ne d\u00e9compose facilement pour se transformer en eau et en une unique mol\u00e9cule d\u2019oxyg\u00e8ne. Il est important de noter que l\u2019oxyg\u00e8ne n\u2019est stable que lorsque les mol\u00e9cules sont des paires (O2). Lorsque la mol\u00e9cule d\u2019oxyg\u00e8ne est seule, elle devient un agent oxydant et<strong> d\u00e9sinfectant puissant<\/strong>. Par ailleurs, le peroxyde d\u2019hydrog\u00e8ne est une substance simple, mais jouit d\u2019une grande efficacit\u00e9. Le syst\u00e8me immunitaire des \u00eatres humains produit et utilise le peroxyde d\u2019hydrog\u00e8ne (eau oxyg\u00e9n\u00e9e) pour contr\u00f4ler les bact\u00e9ries et les virus (efficace pour le covid-19).<\/p>\n<h2>Les diff\u00e9rents cas d\u2019utilisations<\/h2>\n<p>L\u2019utilisation du peroxyde d\u2019hydrog\u00e8ne est nombreuse. Que ce soit en guise de soin topique, pour un bon produit m\u00e9nager ou tout simplement afin d\u2019\u00e9liminer les diff\u00e9rents virus et bact\u00e9ries, l\u2019H2O2 est le produit \u00e0 favoriser.<\/p>\n<p>Excellent agent de blanchiment, les moisissures et salet\u00e9s sur tous les types de surfaces n\u2019y r\u00e9sistent pas. Les taches et diff\u00e9rentes traces dispara\u00eetront \u00e9galement au simple passage du produit.<\/p>\n<p>Le produit sert aussi de parfait <strong>d\u00e9sinfectant par voie a\u00e9rienne<\/strong> du fait qu\u2019il a la puissance de pouvoir tuer des <strong>bact\u00e9ries et virus<\/strong> importants. Les <strong>h\u00f4pitaux<\/strong> et <strong>lieux publics<\/strong> utilisent ce compos\u00e9 dans le nettoyage des toilettes, salles d\u2019attente, laboratoires, etc. afin d\u2019\u00e9radiquer toutes formes de <strong>microbes et germes.<\/strong> Le produit biocide modifie en effet la conformation des prot\u00e9ines sources principale de la propagation des bact\u00e9ries. Concernant les virus, la d\u00e9naturalisation des prot\u00e9ines ex\u00e9cut\u00e9e par le peroxyde <strong>tue la g\u00e9n\u00e9tique du germe<\/strong>.<\/p>\n<p><a href=\"https:\/\/www.eco-sprayer.com\/pulverisateurs\/wp-content\/uploads\/2019\/12\/IODVA-Eco-sprayer-produit-1.pdf\">IODVA-Eco-sprayer-produit-1<\/a><\/p>\n<p>&nbsp;<\/p>\n<h2>Recommandation ANSM sant\u00e9<\/h2>\n<div class=\"jss168\">Selon la classification europ\u00e9enne des biocides, les produits biocides utilisables pour les<strong> soins m\u00e9dicaux<\/strong> en AVSD sont de type 2 (TP 2). Les propri\u00e9t\u00e9s physico-chimiques (propri\u00e9t\u00e9s d&#8217;oxydation, g\u00e9n\u00e9ration de radicaux libres, stabilit\u00e9 &#8230;) et la concentration en substances actives affectent l&#8217;efficacit\u00e9 du produit de st\u00e9rilisation. L&#8217;association de plusieurs principes actifs dans des produits antiseptiques peut \u00e9galement modifier leur efficacit\u00e9. Par exemple, la pr\u00e9sence d&#8217;acide perac\u00e9tique dans une formulation contenant du peroxyde d&#8217;hydrog\u00e8ne peut am\u00e9liorer l&#8217;efficacit\u00e9 de ce dernier.<\/div>\n<div><\/div>\n<div>La SDM constate \u00e9galement que le<strong> peroxyde d&#8217;hydrog\u00e8ne (H2O2)<\/strong> est actuellement la <strong>substance active la plus utilis\u00e9e<\/strong> dans les proc\u00e9d\u00e9s automatiques sur le march\u00e9 fran\u00e7ais. La concentration de H2O2 est diff\u00e9rente, et parfois il est m\u00e9lang\u00e9 avec d&#8217;autres substances actives (y compris CH3-COOOH l&#8217;acide peroxyde ac\u00e9tique).<\/div>\n<div><\/div>\n<h3><span style=\"text-decoration: underline;\">Extrait de la fiche de s\u00e9curit\u00e9 :<\/span><\/h3>\n<p><span style=\"text-decoration: underline;\"><strong>Type de produit :<\/strong> <\/span>D\u00e9tergent,Produits biocides (d\u00e9sinfectants)<\/p>\n<p><span style=\"text-decoration: underline;\"><strong>Utilisations identifi\u00e9es pertinentes :<\/strong><\/span><br \/>\n<span style=\"text-decoration: underline;\">Cat\u00e9gorie d&#8217;usage principal :<\/span> Industriel,Produit pour usage professionnel.<br \/>\nUtilisation de la substance\/m\u00e9lange : D\u00e9tergent certifi\u00e9 par ECOCERT Greenlife selon le premier niveau de labellisation du r\u00e9f\u00e9rentiel ECOCERT disponible sur http:\/\/detergents.ecocert.com.<\/p>\n<p><span style=\"text-decoration: underline;\">Utilisation de la substance\/m\u00e9lange :<\/span> D\u00e9tergents, D\u00e9sinfectant<br \/>\nBiocide selon le r\u00e8glement UE 528\/2012<\/p>\n<p><strong>RUBRIQUE 7: Manipulation et stockage<\/strong><br \/>\n7.1. Pr\u00e9cautions \u00e0 prendre pour une manipulation sans danger<br \/>\nPr\u00e9cautions \u00e0 prendre pour une manipulation<br \/>\nsans danger<\/p>\n<p><span style=\"color: #ff0000;\">Une bonne ventilation du lieu de travail est indispensable<\/span>.<\/p>\n<p>Eviter toute exposition inutile. Eviter le contact avec la peau et les yeux. Ne pas respirer les<br \/>\ngaz\/vapeurs\/fum\u00e9es\/a\u00e9rosols. Ne pas manger, ne pas boire et ne pas fumer pendant<br \/>\nl&#8217;utilisation. Se laver les mains et toute autre zone expos\u00e9e avec un savon doux et de<br \/>\nl&#8217;eau, avant de manger, de boire, de fumer, et avant de quitter le travail. Des rince-oeil<br \/>\nde secours et des douches de s\u00e9curit\u00e9 doivent \u00eatre install\u00e9s au voisinage de tout<br \/>\nendroit o\u00f9 il y a risque d&#8217;exposition. Le personnel doit \u00eatre averti des dangers du<br \/>\nproduit.<\/p>\n<p><span style=\"text-decoration: underline;\"><strong>Conditions d&#8217;un stockage s\u00fbr, y compris d&#8217;\u00e9ventuelles incompatibilit\u00e9s<\/strong><\/span><br \/>\nMesures techniques : Avertir le personnel des dangers du produit. Respecter les mesures de protection. Ne<br \/>\npas confiner le produit dans un circuit, entre vannes ferm\u00e9es, ou dans un r\u00e9cipient non<br \/>\nmuni d&#8217;\u00e9vents de s\u00e9curit\u00e9. Des rince-yeux et des douches de s\u00e9curit\u00e9 doivent \u00eatre<br \/>\ndisponibles \u00e0 proximit\u00e9 de toute zone comportant des risques d&#8217;exposition.<br \/>\nConditions de stockage : Conserver dans des conteneurs herm\u00e9tiquement clos.<\/p>\n<p><span style=\"color: #ff0000;\">Conserver dans un endroit sec,frais et bien ventil\u00e9. \u00c9viter : Chaleur et lumi\u00e8re solaire.<\/span><\/p>\n<p>Produits incompatibles : Compos\u00e9s organiques.<br \/>\nMati\u00e8res incompatibles : Mat\u00e9riaux inflammables. Agents r\u00e9ducteurs. Bases.<br \/>\nMat\u00e9riaux d&#8217;emballage : Grades compatibles de PEHD.<\/p>\n<p><span style=\"text-decoration: underline;\"><strong>Classe(s) de danger pour le transport<\/strong><\/span><\/p>\n<p><span style=\"color: #ff0000;\">Non applicable<\/span><\/p>\n<p>&nbsp;<\/p>\n<h3>Recommandation , protocole et r\u00e8gles d&#8217;utilisation<\/h3>\n<p>Le peroxyde d&#8217;hydrog\u00e8ne est un d\u00e9sinfectant couramment utilis\u00e9 dans la d\u00e9sinfection par voie a\u00e9rienne (DSVA). Voici quelques r\u00e8gles sp\u00e9cifiques \u00e0 suivre lors de l&#8217;utilisation de ce d\u00e9sinfectant :<\/p>\n<ol>\n<li><span style=\"text-decoration: underline;\"><strong>S\u00e9lectionner le bon concentr\u00e9 :<\/strong><\/span> le peroxyde d&#8217;hydrog\u00e8ne est disponible en diff\u00e9rentes concentrations. Il est important de choisir la concentration appropri\u00e9e en fonction de l&#8217;appareil de DSVA utilis\u00e9 et des pathog\u00e8nes \u00e0 \u00e9liminer.<\/li>\n<li><span style=\"text-decoration: underline;\"><strong>Assurer une bonne ventilation :<\/strong> <\/span>le peroxyde d&#8217;hydrog\u00e8ne peut \u00eatre toxique en concentration \u00e9lev\u00e9e. Il est donc important d&#8217;assurer une bonne ventilation pendant la DSVA pour \u00e9viter tout risque pour la sant\u00e9 des personnes.<\/li>\n<li><span style=\"text-decoration: underline;\"><strong>Utiliser une technologie de catalyseur :<\/strong> <\/span>le peroxyde d&#8217;hydrog\u00e8ne peut \u00eatre activ\u00e9 par un catalyseur pour augmenter son efficacit\u00e9. Assurez-vous d&#8217;utiliser une technologie de catalyseur appropri\u00e9e pour am\u00e9liorer l&#8217;efficacit\u00e9 de la d\u00e9sinfection.<\/li>\n<li><span style=\"text-decoration: underline;\"><strong>Suivre les instructions du fabricant :<\/strong><\/span> il est important de suivre les instructions du fabricant de l&#8217;appareil de DSVA et du d\u00e9sinfectant pour garantir une utilisation correcte et s\u00fbre.<\/li>\n<li><span style=\"text-decoration: underline;\"><strong>Respecter les temps de contact :<\/strong><\/span> le peroxyde d&#8217;hydrog\u00e8ne doit \u00eatre en contact avec les surfaces \u00e0 traiter pendant une dur\u00e9e sp\u00e9cifique pour garantir une d\u00e9sinfection efficace. Respectez les temps de contact recommand\u00e9s par le fabricant du d\u00e9sinfectant.<\/li>\n<\/ol>\n","protected":false},"excerpt":{"rendered":"<p>Vendu en bidon de 20L\u00a0 .<\/p>\n","protected":false},"featured_media":503,"comment_status":"open","ping_status":"closed","template":"","meta":[],"product_cat":[60,61],"product_tag":[],"class_list":{"0":"post-148","1":"product","2":"type-product","3":"status-publish","4":"has-post-thumbnail","6":"product_cat-appareil-de-desinfection-par-voie-aerienne","7":"product_cat-produit-desinfection-par-voie-aerienne","8":"product_shipping_class-frais-de-livraison","10":"first","11":"instock","12":"taxable","13":"shipping-taxable","14":"product-type-simple"},"_links":{"self":[{"href":"https:\/\/www.eco-sprayer.com\/pulverisateurs\/wp-json\/wp\/v2\/product\/148","targetHints":{"allow":["GET"]}}],"collection":[{"href":"https:\/\/www.eco-sprayer.com\/pulverisateurs\/wp-json\/wp\/v2\/product"}],"about":[{"href":"https:\/\/www.eco-sprayer.com\/pulverisateurs\/wp-json\/wp\/v2\/types\/product"}],"replies":[{"embeddable":true,"href":"https:\/\/www.eco-sprayer.com\/pulverisateurs\/wp-json\/wp\/v2\/comments?post=148"}],"version-history":[{"count":0,"href":"https:\/\/www.eco-sprayer.com\/pulverisateurs\/wp-json\/wp\/v2\/product\/148\/revisions"}],"wp:featuredmedia":[{"embeddable":true,"href":"https:\/\/www.eco-sprayer.com\/pulverisateurs\/wp-json\/wp\/v2\/media\/503"}],"wp:attachment":[{"href":"https:\/\/www.eco-sprayer.com\/pulverisateurs\/wp-json\/wp\/v2\/media?parent=148"}],"wp:term":[{"taxonomy":"product_cat","embeddable":true,"href":"https:\/\/www.eco-sprayer.com\/pulverisateurs\/wp-json\/wp\/v2\/product_cat?post=148"},{"taxonomy":"product_tag","embeddable":true,"href":"https:\/\/www.eco-sprayer.com\/pulverisateurs\/wp-json\/wp\/v2\/product_tag?post=148"}],"curies":[{"name":"wp","href":"https:\/\/api.w.org\/{rel}","templated":true}]}}