{"id":144,"date":"2019-06-30T16:55:30","date_gmt":"2019-06-30T14:55:30","guid":{"rendered":"https:\/\/www.eco-sprayer.com\/pulverisateurs\/?post_type=product&#038;p=144"},"modified":"2025-12-22T22:33:38","modified_gmt":"2025-12-22T21:33:38","slug":"brumisateur-professionnel-brumisation-nouvelle-technologie","status":"publish","type":"product","link":"https:\/\/www.eco-sprayer.com\/pulverisateurs\/produit\/brumisateur-professionnel-brumisation-nouvelle-technologie\/","title":{"rendered":"Ventilateur Brumisateur professionnel, brumisation nouvelle technologie"},"content":{"rendered":"<h3 style=\"color: #698caa;\">Appareils de Brumisation haut de gamme, haute performance.<\/h3>\n<p>Nos appareils sont capables de <strong>baisser la temp\u00e9rature de 12 \u00b0<\/strong> . Ils fonctionnent\u00a0 en ext\u00e9rieur et en int\u00e9rieur pour les grandes surfaces. Ces appareils\u00a0 haute performance peut traiter une surface de 1800M3\/ heure soit des surfaces sup\u00e9rieures a 200 m2.<\/p>\n<p>Dot\u00e9 d&#8217;une technologie novatrice, mise au point par des ing\u00e9nieurs et sp\u00e9cialistes en\u00a0 m\u00e9canique des fluides du centre universitaire de Paris .<\/p>\n<p>La diffusion par disque tournant et non par buses permet une meilleure diffusion et \u00e9vaporation de l&#8217;eau dans l&#8217;air,\u00a0 les particules d&#8217;eau ultra fines sont parfois \u00e0 peine perceptibles . La deuxi\u00e8me particularit\u00e9e de l&#8217;appareil est un d\u00e9bit tr\u00e8s important pouvant aller jusqu\u2019\u00e0 15Litre \/heure.<\/p>\n<p>Trois types d&#8217;appareils sont propos\u00e9s avec une capacit\u00e9 de d\u00e9bit variable en fonction de vos besoins. Chaque appareil est constitu\u00e9 d&#8217;un ventilateur axial <strong>oscillant<\/strong> de grand diam\u00e8tre disposant de 3 vitesses.<\/p>\n<p>Un d\u00e9bit trop fort entrainera une humidification trop importante pour les petites surfaces, il sera plus adapt\u00e9 pour les grandes surfaces.<\/p>\n<h3 style=\"color: #698caa;\">Carateristiques techniques des diff\u00e9rents mod\u00e8les:<\/h3>\n<table style=\"height: 100%;\" width=\"90%\">\n<tbody>\n<tr>\n<td width=\"170\"><\/td>\n<td bgcolor=\"#cdfaff\" width=\"100\"><strong>VBC-P5000<\/strong><\/td>\n<td bgcolor=\"#cdfaff\" width=\"100\"><strong>VBC-E10000<\/strong><\/td>\n<td bgcolor=\"#cdfaff\" width=\"100\"><strong>VBC-E15000<\/strong><\/td>\n<\/tr>\n<tr>\n<td bgcolor=\"#ddebf7\" width=\"170\"><strong>Diam\u00e8tre ventilateur<\/strong><\/td>\n<td width=\"100\">45 cm<\/td>\n<td width=\"100\">45 cm<\/td>\n<td width=\"100\">45 cm<\/td>\n<\/tr>\n<tr>\n<td bgcolor=\"#ddebf7\" width=\"170\"><strong>D\u00e9bit ventilateur<\/strong><\/td>\n<td width=\"100\">1800 m<sup>3<\/sup>\/h<\/td>\n<td width=\"100\">1800 m<sup>3<\/sup>\/h<\/td>\n<td width=\"100\">1800 m<sup>3<\/sup>\/h<\/td>\n<\/tr>\n<tr>\n<td bgcolor=\"#ddebf7\" width=\"170\"><strong>N de Vitesses ventilateur<\/strong><\/td>\n<td width=\"100\">3<\/td>\n<td width=\"100\">3<\/td>\n<td width=\"100\">3<\/td>\n<\/tr>\n<tr>\n<td bgcolor=\"#ddebf7\" width=\"170\"><strong>D\u00e9bit Brumisation<\/strong><\/td>\n<td width=\"100\">5 L\/h<\/td>\n<td width=\"100\">10 l\/h<\/td>\n<td width=\"100\">15 l\/h<\/td>\n<\/tr>\n<tr>\n<td bgcolor=\"#ddebf7\" width=\"170\"><strong>Puissance de r\u00e9frig\u00e9ration<\/strong><\/td>\n<td width=\"100\">3.5 KW<\/td>\n<td width=\"100\">7 KW<\/td>\n<td width=\"100\">10.5 KW<\/td>\n<\/tr>\n<tr>\n<td bgcolor=\"#ddebf7\" width=\"170\"><strong>Consommation \u00e9lectrique<\/strong><\/td>\n<td width=\"100\">60w<\/td>\n<td width=\"100\">70w<\/td>\n<td width=\"100\">80w<\/td>\n<\/tr>\n<tr>\n<td bgcolor=\"#ddebf7\" width=\"170\"><strong>Co\u00fbt de fonctionnement<\/strong><\/td>\n<td width=\"100\">0.014\u20ac\/h<\/td>\n<td width=\"100\">0.015\u20ac\/h<\/td>\n<td width=\"100\">0.016\u20ac\/h<\/td>\n<\/tr>\n<tr>\n<td bgcolor=\"#ddebf7\" width=\"170\"><strong>Commande de la brumisation<\/strong><\/td>\n<td width=\"100\">Interrupteur<\/td>\n<td width=\"100\">Interrupteur<\/td>\n<td width=\"100\">Interrupteur<\/td>\n<\/tr>\n<tr>\n<td bgcolor=\"#ddebf7\" width=\"170\"><strong>Niveau sonore<\/strong><\/td>\n<td width=\"100\">56 dB<\/td>\n<td width=\"100\">56 dB<\/td>\n<td width=\"100\">56 dB<\/td>\n<\/tr>\n<tr>\n<td bgcolor=\"#ddebf7\" width=\"170\"><strong>Commande s\u00e9par\u00e9e de la brumisation et de la ventilation<\/strong><\/td>\n<td width=\"100\">Oui<\/td>\n<td width=\"100\">Oui<\/td>\n<td width=\"100\">Oui<\/td>\n<\/tr>\n<\/tbody>\n<\/table>\n<p>&nbsp;<\/p>\n<h3 style=\"color: #698caa;\">Les brumisateurs VBC se d\u00e9clinent en 3 mod\u00e8les\u00a0:<\/h3>\n<ul>\n<li><strong>VBC-P5000<\/strong>\u00a0:ce mod\u00e8le poss\u00e8de une pompe p\u00e9ristaltique et un r\u00e9servoir de 15l. Le d\u00e9bit d\u2019eau est de 5 L\u00a0\/h.<\/li>\n<li><strong>VBC-E10000<\/strong>\u00a0:ce mod\u00e8le poss\u00e8de une \u00e9lectrovanne et un raccord \u00e0 connecter au r\u00e9seau d\u2019eau. Le d\u00e9bit d\u2019eau est de 10 L\u00a0\/h.<\/li>\n<li><strong>VBC-E15000<\/strong>\u00a0: ce mod\u00e8le poss\u00e8de une \u00e9lectrovanne et un raccord \u00e0 connecter au r\u00e9seau d\u2019eau. Le d\u00e9bit d\u2019eau est de 15 L\u00a0\/h.<\/li>\n<\/ul>\n<p><strong>\u00a0<\/strong><\/p>\n<p><strong>Installation du brumisateu<\/strong>r\u00a0:<\/p>\n<ul>\n<li>Raccordement au r\u00e9seau \u00e9lectrique par prise 2P+T 6A<\/li>\n<li>Raccordement au r\u00e9seau hydraulique urbain par tuyau d\u2019arrosage pour les mod\u00e8les VBC-E<\/li>\n<\/ul>\n<p>Faire a appel a un <a href=\"http:\/\/m-climatisation.com\/\">installateur professionnelle<\/a><\/p>\n<p><strong>Temp\u00e9rature d\u2019utilisation : Pour une parfaite \u00e9vaporation des gouttes, il est recommand\u00e9 d\u2019utiliser le n\u00e9buliseur brumisateur lorsque la temp\u00e9rature superieure \u00e0 25\u00b0C.<\/strong><\/p>\n<p>Ce type d&#8217;appareil est particuli\u00e8rement\u00a0 adapt\u00e9 aux terrasses, aux hangars, a des espaces ext\u00e9rieurs ou int\u00e9rieur de grands volumes au del\u00e0 de 25 m2 , pour les plus petits volumes veuilles consulter nos appareils int\u00e9rieurs ext\u00e9rieurs de petits volumes.<\/p>\n<p>&nbsp;<\/p>\n","protected":false},"excerpt":{"rendered":"<p><span style=\"color: #698caa;\">Ventilateur brumisateur haute performance, permettant une brumisation de grande surface, en int\u00e9rieur comme en ext\u00e9rieure. La brumisation permet un rafraichissement de l&#8217;air allant jusqu a 12 degr\u00e9s de baisses, comparable \u00e0 la sensation que l&#8217;on peut avoir a proximit\u00e9 d&#8217;une cascade d&#8217;eau. Le d\u00e9bit de ces appareils est \u00e9lev\u00e9, jusqu\u2019\u00e0 15L \/heure.\u00a0 Sur reversoir ou directement branch\u00e9s au r\u00e9seau hydraulique, ces ventilateurs , n\u00e9buliseurs peuvent rafraichir en humidifiant l&#8217;air toute la journ\u00e9e.<\/span><\/p>\n","protected":false},"featured_media":657,"comment_status":"open","ping_status":"closed","template":"","meta":[],"product_cat":[59],"product_tag":[41],"class_list":{"0":"post-144","1":"product","2":"type-product","3":"status-publish","4":"has-post-thumbnail","6":"product_cat-ventilateur-climatiseur","7":"product_tag-eco-sprayer","9":"first","10":"instock","11":"taxable","12":"shipping-taxable","13":"product-type-simple"},"_links":{"self":[{"href":"https:\/\/www.eco-sprayer.com\/pulverisateurs\/wp-json\/wp\/v2\/product\/144","targetHints":{"allow":["GET"]}}],"collection":[{"href":"https:\/\/www.eco-sprayer.com\/pulverisateurs\/wp-json\/wp\/v2\/product"}],"about":[{"href":"https:\/\/www.eco-sprayer.com\/pulverisateurs\/wp-json\/wp\/v2\/types\/product"}],"replies":[{"embeddable":true,"href":"https:\/\/www.eco-sprayer.com\/pulverisateurs\/wp-json\/wp\/v2\/comments?post=144"}],"version-history":[{"count":0,"href":"https:\/\/www.eco-sprayer.com\/pulverisateurs\/wp-json\/wp\/v2\/product\/144\/revisions"}],"wp:featuredmedia":[{"embeddable":true,"href":"https:\/\/www.eco-sprayer.com\/pulverisateurs\/wp-json\/wp\/v2\/media\/657"}],"wp:attachment":[{"href":"https:\/\/www.eco-sprayer.com\/pulverisateurs\/wp-json\/wp\/v2\/media?parent=144"}],"wp:term":[{"taxonomy":"product_cat","embeddable":true,"href":"https:\/\/www.eco-sprayer.com\/pulverisateurs\/wp-json\/wp\/v2\/product_cat?post=144"},{"taxonomy":"product_tag","embeddable":true,"href":"https:\/\/www.eco-sprayer.com\/pulverisateurs\/wp-json\/wp\/v2\/product_tag?post=144"}],"curies":[{"name":"wp","href":"https:\/\/api.w.org\/{rel}","templated":true}]}}